{"id":335572,"date":"2021-09-21T07:04:55","date_gmt":"2021-09-21T07:04:55","guid":{"rendered":"https:\/\/dev.seqnet.co.uk\/tsr\/?page_id=335572"},"modified":"2021-11-18T06:51:32","modified_gmt":"2021-11-18T06:51:32","slug":"cleanburn","status":"publish","type":"page","link":"https:\/\/dev.seqnet.co.uk\/tsr\/stoves-test\/cleanburn\/","title":{"rendered":"Cleanburn"},"content":{"rendered":"<p>[et_pb_section fb_built=&#8221;1&#8243; fullwidth=&#8221;on&#8221; module_class=&#8221;title-section&#8221; _builder_version=&#8221;4.10.5&#8243; _module_preset=&#8221;default&#8221; global_colors_info=&#8221;{}&#8221;][et_pb_fullwidth_post_title meta=&#8221;off&#8221; featured_image=&#8221;off&#8221; module_class=&#8221;title-area&#8221; _builder_version=&#8221;4.10.5&#8243; _module_preset=&#8221;default&#8221; global_colors_info=&#8221;{}&#8221;][\/et_pb_fullwidth_post_title][\/et_pb_section][et_pb_section fb_built=&#8221;1&#8243; module_class=&#8221;cleanburn-section&#8221; _builder_version=&#8221;4.10.5&#8243; _module_preset=&#8221;default&#8221; background_enable_color=&#8221;off&#8221; custom_padding=&#8221;||||false|false&#8221; global_colors_info=&#8221;{}&#8221;][et_pb_row _builder_version=&#8221;4.10.5&#8243; _module_preset=&#8221;default&#8221; global_colors_info=&#8221;{}&#8221;][et_pb_column type=&#8221;4_4&#8243; _builder_version=&#8221;4.10.5&#8243; _module_preset=&#8221;default&#8221; background_enable_color=&#8221;off&#8221; custom_padding=&#8221;||||false|false&#8221; global_colors_info=&#8221;{}&#8221;][et_pb_image src=&#8221;https:\/\/dev.seqnet.co.uk\/tsr\/wp-content\/uploads\/2021\/09\/defra.png&#8221; title_text=&#8221;defra&#8221; url=&#8221;http:\/\/smokecontrol.defra.gov.uk\/&#8221; url_new_window=&#8221;on&#8221; _builder_version=&#8221;4.10.5&#8243; _module_preset=&#8221;default&#8221; global_colors_info=&#8221;{}&#8221;][\/et_pb_image][et_pb_text _builder_version=&#8221;4.10.5&#8243; _module_preset=&#8221;default&#8221; global_colors_info=&#8221;{}&#8221;]<\/p>\n<h3><strong>Cleanburn L\u00f8venholm<\/strong><\/h3>\n<p>[\/et_pb_text][et_pb_text _builder_version=&#8221;4.10.5&#8243; _module_preset=&#8221;default&#8221; global_colors_info=&#8221;{}&#8221;]<\/p>\n<p>Slender, sleek, and simply Scandinavian: the Cleanburn L\u00f8venholm makes a chic centrepiece for any room.<\/p>\n<p>Clean lines and clean thinking characterise the Cleanburn L\u00f8venholm. Its minimalist looks are matched with an eco-friendly performance.<\/p>\n<p>Cleanburn Certified by an independent Danish laboratory, the stove\u2019s low emission rate (0.19%) is due to their \u2018Tripleburn\u2019 technology. This figure exempts the stove from those banned under the Clean Air Act (UK 1993), making it permissable for use in Smoke Control areas. And if you\u2019re looking for low environmental impact, but high design impact, the L\u00f8venholm is a natural choice.<\/p>\n<p>It\u2019s also a pleasure to use. You can change from wood to smokeless fuel in seconds, and riddle the grate using the cool-touch handle (multifuel option only). At night you can even close the vents and leave it to smoulder until the morning.<\/p>\n<p>[\/et_pb_text][\/et_pb_column][\/et_pb_row][\/et_pb_section][et_pb_section fb_built=&#8221;1&#8243; module_class=&#8221;stove-inner-page-bg-section&#8221; _builder_version=&#8221;4.10.5&#8243; _module_preset=&#8221;default&#8221; background_enable_color=&#8221;off&#8221; border_width_top=&#8221;1px&#8221; border_color_top=&#8221;#efefef&#8221; border_width_bottom=&#8221;1px&#8221; border_color_bottom=&#8221;#efefef&#8221; global_colors_info=&#8221;{}&#8221;][et_pb_row make_equal=&#8221;on&#8221; _builder_version=&#8221;4.10.5&#8243; _module_preset=&#8221;default&#8221; custom_padding=&#8221;||||false|false&#8221; global_colors_info=&#8221;{}&#8221;][et_pb_column type=&#8221;4_4&#8243; _builder_version=&#8221;4.10.5&#8243; _module_preset=&#8221;default&#8221; background_color=&#8221;#6d725e&#8221; custom_padding=&#8221;30px|30px|30px|30px|true|true&#8221; border_width_all=&#8221;1px&#8221; border_color_all=&#8221;#6d725e&#8221; global_colors_info=&#8221;{}&#8221;][et_pb_text _builder_version=&#8221;4.10.5&#8243; _module_preset=&#8221;default&#8221; background_layout=&#8221;dark&#8221; global_colors_info=&#8221;{}&#8221;]<\/p>\n<h3>Cleanburn N\u00f8rreskoven<\/h3>\n<p>[\/et_pb_text][et_pb_text _builder_version=&#8221;4.10.5&#8243; _module_preset=&#8221;default&#8221; link_text_color=&#8221;#FFFFFF&#8221; background_layout=&#8221;dark&#8221; global_colors_info=&#8221;{}&#8221;]<\/p>\n<p>The Cleanburn N\u00f8rreskoven is a stove for future-thinkers. It\u2019s packed with eco-friendly credentials\u2026 like the Tripleburn system for efficient fuel usage. Convection sides to increase heat output. And lower emissions \u2013 of course.<\/p>\n<p>Like the other Cleanburn models, this ambitious new stove performed beautifully at the Danish testing institute. But that wasn\u2019t good enough for the Cleanburn engineers. They\u2019d set their sights on Northern Europe\u2019s highest accolade: the Nordic Ecolabel.<\/p>\n<p>With a maximum heat output of 4.9kW, the N\u00f8rreskoven is an exceptional stove. Choose from three stylish models: the N\u00f8rreskoven Pedestal, raised on a column; the N\u00f8rreskoven Traditional, inspired by old-fashioned stove styling, or the N\u00f8rreskoven Europe, with a built-in log store for style and convenience. Get a better look, though, down here at The Stove Room.<\/p>\n<hr \/>\n<p>&nbsp;<\/p>\n<p>For full details and dimensions please<span>\u00a0<\/span><strong><a href=\"https:\/\/dev.seqnet.co.uk\/tsr\/wp-content\/uploads\/2021\/10\/Cleanburn_Brochure_2016.pdf\" target=\"_blank\" rel=\"noopener\">see brochure<\/a><\/strong>.<\/p>\n<p>[\/et_pb_text][\/et_pb_column][\/et_pb_row][et_pb_row _builder_version=&#8221;4.10.5&#8243; _module_preset=&#8221;default&#8221; global_colors_info=&#8221;{}&#8221;][et_pb_column type=&#8221;4_4&#8243; _builder_version=&#8221;4.10.5&#8243; _module_preset=&#8221;default&#8221; global_colors_info=&#8221;{}&#8221;][et_pb_divider _builder_version=&#8221;4.10.5&#8243; _module_preset=&#8221;default&#8221; global_colors_info=&#8221;{}&#8221;][\/et_pb_divider][\/et_pb_column][\/et_pb_row][et_pb_row _builder_version=&#8221;4.10.5&#8243; _module_preset=&#8221;default&#8221; custom_padding=&#8221;0px||||false|false&#8221; global_colors_info=&#8221;{}&#8221;][et_pb_column type=&#8221;4_4&#8243; _builder_version=&#8221;4.10.5&#8243; _module_preset=&#8221;default&#8221; global_colors_info=&#8221;{}&#8221;][et_pb_text _builder_version=&#8221;4.10.5&#8243; _module_preset=&#8221;default&#8221; text_orientation=&#8221;center&#8221; global_colors_info=&#8221;{}&#8221;]<\/p>\n<p>When you purchase your stove from your local stockist The Stove Room, you can be reassured you will receive the manufacturer\u2019s full or extended warranty. BUYER BEWARE! This won\u2019t be supplied by the manufacturer when you purchase your stove out of area or online.<\/p>\n<p>[\/et_pb_text][\/et_pb_column][\/et_pb_row][\/et_pb_section][et_pb_section fb_built=&#8221;1&#8243; module_class=&#8221;stove-product-category-section&#8221; _builder_version=&#8221;4.10.5&#8243; _module_preset=&#8221;default&#8221; saved_tabs=&#8221;all&#8221; global_colors_info=&#8221;{}&#8221;][et_pb_row _builder_version=&#8221;4.10.5&#8243; _module_preset=&#8221;default&#8221; global_colors_info=&#8221;{}&#8221;][et_pb_column type=&#8221;4_4&#8243; _builder_version=&#8221;4.10.5&#8243; _module_preset=&#8221;default&#8221; global_colors_info=&#8221;{}&#8221;][et_pb_text _builder_version=&#8221;4.10.5&#8243; _module_preset=&#8221;default&#8221; text_orientation=&#8221;center&#8221; global_colors_info=&#8221;{}&#8221;]<\/p>\n<h4>Stove styles<\/h4>\n<p>[\/et_pb_text][\/et_pb_column][\/et_pb_row][et_pb_row disabled_on=&#8221;off|off|off&#8221; _builder_version=&#8221;4.10.5&#8243; _module_preset=&#8221;default&#8221; global_colors_info=&#8221;{}&#8221;][et_pb_column type=&#8221;4_4&#8243; _builder_version=&#8221;4.10.5&#8243; _module_preset=&#8221;default&#8221; global_colors_info=&#8221;{}&#8221;][et_pb_filterable_portfolio fullwidth=&#8221;off&#8221; posts_number=&#8221;500&#8243; include_categories=&#8221;36,37&#8243; show_categories=&#8221;off&#8221; show_pagination=&#8221;off&#8221; module_class=&#8221;portfolio-filter&#8221; _builder_version=&#8221;4.10.5&#8243; _module_preset=&#8221;default&#8221; title_level=&#8221;h5&#8243; hover_enabled=&#8221;0&#8243; global_colors_info=&#8221;{}&#8221; sticky_enabled=&#8221;0&#8243;][\/et_pb_filterable_portfolio][\/et_pb_column][\/et_pb_row][\/et_pb_section][et_pb_section fb_built=&#8221;1&#8243; module_class=&#8221;content-bottom-section&#8221; _builder_version=&#8221;4.10.5&#8243; _module_preset=&#8221;default&#8221; background_color=&#8221;#6d725e&#8221; custom_padding=&#8221;30px||0px||false|false&#8221; global_module=&#8221;335591&#8243; saved_tabs=&#8221;all&#8221; global_colors_info=&#8221;{}&#8221;][et_pb_row column_structure=&#8221;1_2,1_2&#8243; _builder_version=&#8221;4.10.5&#8243; _module_preset=&#8221;default&#8221; border_width_bottom=&#8221;1px&#8221; border_color_bottom=&#8221;#FFFFFF&#8221; global_colors_info=&#8221;{}&#8221;][et_pb_column type=&#8221;1_2&#8243; module_class=&#8221;logo-section&#8221; _builder_version=&#8221;4.10.5&#8243; _module_preset=&#8221;default&#8221; global_colors_info=&#8221;{}&#8221;][et_pb_image src=&#8221;https:\/\/dev.seqnet.co.uk\/tsr\/wp-content\/uploads\/2021\/09\/main-logo-1.png&#8221; title_text=&#8221;main-logo&#8221; _builder_version=&#8221;4.10.5&#8243; _module_preset=&#8221;default&#8221; global_colors_info=&#8221;{}&#8221;][\/et_pb_image][\/et_pb_column][et_pb_column type=&#8221;1_2&#8243; module_class=&#8221;social-icon-section&#8221; _builder_version=&#8221;4.10.5&#8243; _module_preset=&#8221;default&#8221; global_colors_info=&#8221;{}&#8221;][et_pb_blurb use_icon=&#8221;on&#8221; font_icon=&#8221;%%238%%&#8221; icon_placement=&#8221;left&#8221; module_class=&#8221;social-icon&#8221; _builder_version=&#8221;4.10.5&#8243; _module_preset=&#8221;default&#8221; link_option_url=&#8221;mailto: info@thestoveroom.co.uk  &#8221; global_colors_info=&#8221;{}&#8221;][\/et_pb_blurb][et_pb_blurb use_icon=&#8221;on&#8221; font_icon=&#8221;%%307%%&#8221; icon_placement=&#8221;left&#8221; module_class=&#8221;social-icon&#8221; _builder_version=&#8221;4.10.5&#8243; _module_preset=&#8221;default&#8221; link_option_url=&#8221;https:\/\/www.thestoveroom.co.uk\/some-of-our-youtube-stars\/&#8221; link_option_url_new_window=&#8221;on&#8221; global_colors_info=&#8221;{}&#8221;][\/et_pb_blurb][et_pb_blurb use_icon=&#8221;on&#8221; font_icon=&#8221;%%293%%&#8221; icon_placement=&#8221;left&#8221; module_class=&#8221;social-icon&#8221; _builder_version=&#8221;4.10.5&#8243; _module_preset=&#8221;default&#8221; link_option_url=&#8221;https:\/\/in.pinterest.com\/stoveroom\/&#8221; link_option_url_new_window=&#8221;on&#8221; global_colors_info=&#8221;{}&#8221;][\/et_pb_blurb][et_pb_blurb use_icon=&#8221;on&#8221; font_icon=&#8221;%%292%%&#8221; icon_placement=&#8221;left&#8221; module_class=&#8221;social-icon&#8221; _builder_version=&#8221;4.10.5&#8243; _module_preset=&#8221;default&#8221; link_option_url=&#8221;https:\/\/twitter.com\/thestoveroom&#8221; link_option_url_new_window=&#8221;on&#8221; global_colors_info=&#8221;{}&#8221;][\/et_pb_blurb][et_pb_blurb use_icon=&#8221;on&#8221; font_icon=&#8221;%%291%%&#8221; icon_placement=&#8221;left&#8221; module_class=&#8221;social-icon&#8221; _builder_version=&#8221;4.10.5&#8243; _module_preset=&#8221;default&#8221; link_option_url=&#8221;https:\/\/www.facebook.com\/pages\/The-Stove-Room\/375879322450391&#8243; link_option_url_new_window=&#8221;on&#8221; global_colors_info=&#8221;{}&#8221;][\/et_pb_blurb][et_pb_blurb use_icon=&#8221;on&#8221; font_icon=&#8221;%%298%%&#8221; icon_placement=&#8221;left&#8221; module_class=&#8221;social-icon&#8221; _builder_version=&#8221;4.10.5&#8243; _module_preset=&#8221;default&#8221; link_option_url=&#8221;https:\/\/www.instagram.com\/thestoveroom\/&#8221; link_option_url_new_window=&#8221;on&#8221; global_colors_info=&#8221;{}&#8221;][\/et_pb_blurb][\/et_pb_column][\/et_pb_row][\/et_pb_section]<\/p>\n","protected":false},"excerpt":{"rendered":"<p>Cleanburn L\u00f8venholmSlender, sleek, and simply Scandinavian: the Cleanburn L\u00f8venholm makes a chic centrepiece for any room. Clean lines and clean thinking characterise the Cleanburn L\u00f8venholm. Its minimalist looks are matched with an eco-friendly performance. Cleanburn Certified by an independent Danish laboratory, the stove\u2019s low emission rate (0.19%) is due to their \u2018Tripleburn\u2019 technology. This figure [&hellip;]<\/p>\n","protected":false},"author":1,"featured_media":0,"parent":25419,"menu_order":0,"comment_status":"closed","ping_status":"closed","template":"","meta":{"_acf_changed":false,"_et_pb_use_builder":"on","_et_pb_old_content":"","_et_gb_content_width":"","footnotes":""},"class_list":["post-335572","page","type-page","status-publish","hentry"],"acf":[],"_links":{"self":[{"href":"https:\/\/dev.seqnet.co.uk\/tsr\/wp-json\/wp\/v2\/pages\/335572","targetHints":{"allow":["GET"]}}],"collection":[{"href":"https:\/\/dev.seqnet.co.uk\/tsr\/wp-json\/wp\/v2\/pages"}],"about":[{"href":"https:\/\/dev.seqnet.co.uk\/tsr\/wp-json\/wp\/v2\/types\/page"}],"author":[{"embeddable":true,"href":"https:\/\/dev.seqnet.co.uk\/tsr\/wp-json\/wp\/v2\/users\/1"}],"replies":[{"embeddable":true,"href":"https:\/\/dev.seqnet.co.uk\/tsr\/wp-json\/wp\/v2\/comments?post=335572"}],"version-history":[{"count":16,"href":"https:\/\/dev.seqnet.co.uk\/tsr\/wp-json\/wp\/v2\/pages\/335572\/revisions"}],"predecessor-version":[{"id":336954,"href":"https:\/\/dev.seqnet.co.uk\/tsr\/wp-json\/wp\/v2\/pages\/335572\/revisions\/336954"}],"up":[{"embeddable":true,"href":"https:\/\/dev.seqnet.co.uk\/tsr\/wp-json\/wp\/v2\/pages\/25419"}],"wp:attachment":[{"href":"https:\/\/dev.seqnet.co.uk\/tsr\/wp-json\/wp\/v2\/media?parent=335572"}],"curies":[{"name":"wp","href":"https:\/\/api.w.org\/{rel}","templated":true}]}}